4375 = 0. Is h prime?
False
Let m be 21/9 - (-10)/15. Suppose -4*x + m*x + 440 = 0. Let z = -214 + x. Is z composite?
True
Let l = 24 - 24. Suppose -2*k = -l*k + 20. Is 2896/20 + (-2)/k composite?
True
Let j(c) = c**3 - 2*c**2 + 30. Let z be j(0). Let r be (z/8)/((-9)/(-24)). Suppose u + r = 121. Is u a composite number?
True
Let m(b) = -5*b**3 + 2*b**2 + 22*b - 23. Is m(-12) a prime number?
True
Let a(r) = 5*r**3 + 16*r**2 + 14*r - 244. Is a(15) a prime number?
True
Suppose -3*v - 19030 = -5*w, 3*w + 2*v - 11429 = 6*v. Is w composite?
False
Suppose -5 = -5*t, 4*k + 0*k - 38 = -2*t. Is (k + -28)/(2/(-57 - 1)) a composite number?
True
Let o(i) = 2*i - 1. Let j be o(2). Suppose -2*z = -3*d + 1863, d + 2*z = j*z + 620. Is d prime?
False
Let m = 54 + -35. Suppose 89085 = m*k + 25454. Is k a prime number?
False
Let i = -1 + 1. Suppose 5*o - 18665 - 1120 = i. Is o a prime number?
False
Let v(y) = -531*y + 4. Let c(o) = o - 1. Let a(b) = 2*c(b) + v(b). Is a(-3) composite?
True
Suppose 0 = -3*a + 13 - 118. Let c be 2/(-4)*-23*(27 - 21). Let p = a + c. Is p a composite number?
True
Let q(b) be the first derivative of -b**4/4 - b**3 + b**2 + 3*b + 3. Let n be q(-3). Is (-5 - n - -376) + -3 a composite number?
True
Let w be 942/4*(-16)/(-6). Let v = -45 + w. Is v prime?
False
Let k = -377 + 766. Is k composite?
False
Let q be 1/1*(-3)/(6/(-82)). Is (-4 - -2 - 3)*-1*q a composite number?
True
Let c(z) = -113*z**3 + 2*z**2 - 1. Let j be c(-1). Suppose -r - 2*b - 57 = 0, 155 = -4*r + 3*b - 62. Let x = j + r. Is x a prime number?
True
Let z(s) be the second derivative of 7/6*s**3 + 9*s + 11/2*s**2 + 11/12*s**4 - 1/20*s**5 + 0. Is z(10) a prime number?
True
Let t be 0 + 0 - (-2 - 0). Suppose -1560 = -5*b + 5*f, -926 = -3*b - 0*b - t*f. Suppose 2*j + b = 4*v, v - 3*j = -0*j + 80. Is v a prime number?
False
Suppose 0 = f - 5 - 3. Suppose -f*i = -6*i - 124. Is i a prime number?
False
Let h = -22 - -23. Is h/((-7 + 3)/(-92)) prime?
True
Let w(z) = -14*z**3 + z**2 - 2*z - 9. Is w(-2) a composite number?
True
Let r = -1632 + 4405. Is r a prime number?
False
Suppose 37*x - 38*x = 5*i - 637, 4*i - 5*x - 498 = 0. Is i a prime number?
True
Let d = -8640 + 22093. Is d prime?
False
Is (-32)/(-112)*(-7)/(-4)*11702 composite?
False
Let w = 968 - -1967. Let u = -986 + w. Is u prime?
True
Suppose -3*r = -4*m - m + 1, 2*r = 5*m - 4. Is ((-5872)/12 - 6)/((-2)/r) composite?
False
Let z(h) = -3 - 3 + 3 - 224*h. Suppose 2*d + 37 = -r + 25, -3*d + 3*r - 9 = 0. Is z(d) a composite number?
False
Let o(n) = 5*n**3 + 4*n**2 - 15*n + 3. Is o(5) composite?
False
Suppose 5*t = -2*w - 2 - 11, 4*w = 5*t - 11. Is (-366)/w*34 - (-4)/(-2) a composite number?
False
Suppose 0 = -4*v - 5*x + 271996, -4*v - 2*x + 130600 = -141384. Is v a composite number?
True
Is (-124)/(-93) + (-40990)/(-6) prime?
True
Let v = -59 + 16. Let u = -98 + v. Is (-2)/(-2*(-1)/u) a composite number?
True
Suppose -132 = -7*q - 34. Suppose q*g - 460 = 10*g. Is g prime?
False
Let y(n) = -n + 10. Let q be y(7). Suppose -15 = -q*h - 0*h. Suppose -4*i = -h*i + 69. Is i prime?
False
Let r(u) = 296*u**2 + 21*u - 10. Is r(-21) a prime number?
False
Let b be 12 + -11 + 4*1. Suppose b*f = -f + 348. Is f a composite number?
True
Suppose -5*l + 11 = -3*z - 12, 0 = 5*z + 2*l - 3. Let v be (-10 - -9)*1*2. Is v + 3 + z - -59 a prime number?
True
Suppose 3*x + 2*g - 5327 = 3*g, 8873 = 5*x - 3*g. Is x a prime number?
True
Suppose u - 1 = -5, 4*d = 4*u + 28. Let t(c) = -d - 31*c + 18*c - 77*c + 4. Is t(-8) a composite number?
True
Suppose u - 593 - 222 = 0. Let n = u + -228. Is n a prime number?
True
Let v(w) = -2*w**3 - 12*w**2 + 15*w - 7. Let n be v(-12). Suppose 2*a + 0*c - 611 = -c, -5*a + 2*c = -n. Is a prime?
True
Let d = -174 + 64. Is (-4)/22 - 53590/d a prime number?
True
Is 2/8 + (-1910215)/(-244) a composite number?
False
Let v(j) = j - 9. Let z be v(9). Suppose -20 = -5*f - z. Let r = f - -18. Is r a composite number?
True
Let j(c) = -4*c**2 + 15*c + 23. Let p be j(12). Let m = 346 - p. Is m composite?
False
Suppose 5*p = -2*x + 37813, p + 5*x - 1163 - 6418 = 0. Suppose -p = -3*j - 4*q, -q + 8 = q. Is j a prime number?
False
Let x = -35 + 37. Suppose -x*a + 2692 = 4*n, 5*a = -n + 5*n - 2692. Is n a prime number?
True
Let w be 2/(-5) - 4184/(-10). Let m(n) = n**3 + 15*n**2 + 13*n - 15. Let p be m(-6). Let k = w - p. Is k composite?
True
Let y(h) = 142*h - 431. Is y(7) composite?
False
Let j = 3 - 2. Is (j - 0) + 477 + 0 prime?
False
Is (-1)/((-10)/21590 - 0) a prime number?
False
Let k(h) be the third derivative of 223*h**4/12 - h**3/6 + 6*h**2. Let g be k(-1). Is 3/(3 - (-1332)/g) composite?
False
Suppose -5*p = -p - 12. Let c be (-1)/p*(-3 + 15). Is 1490/18 - c/18 a prime number?
True
Suppose 15*o - 73649 = 21781. Is o prime?
False
Suppose 11*n - 78640 = 159477. Is n composite?
False
Let v(u) = -697*u**3 + 2*u**2 - 25. Is v(-4) a composite number?
True
Let i(v) = -1081*v - 5. Let n(u) = 2163*u + 11. Let d(p) = -7*i(p) - 3*n(p). Let b be d(1). Suppose -x + 5*x = -5*q + b, 0 = -2*x - 3*q + 542. Is x prime?
False
Let y(c) be the second derivative of 2*c**3/3 - 31*c**2/2 - 22*c. Is y(30) composite?
False
Suppose -2*s + 198 + 446 = 0. Let w = 1001 - s. Is w a composite number?
True
Let a = 10967 + 5216. Is a prime?
True
Let i = -5339 - -7576. Is i a composite number?
False
Suppose 106 = 4*r + 18. Suppose 1576 = 6*x + r. Is x a composite number?
True
Let g be (-19)/76 + (-1)/(-4). Suppose -2*c + 6 + 4 = g. Suppose -2*n - 573 = -c*n. Is n a prime number?
True
Let t(r) be the first derivative of 4*r - 6 + 31/2*r**2. Is t(3) a prime number?
True
Let v = -38869 - -63308. Is v composite?
False
Let b(p) = 2*p**3 + 3*p**2 - 16*p - 13. Let j be b(-10). Let y = j - -2262. Is y prime?
True
Let t be -1 + 244/(-8)*-54. Let q = t - 999. Is q a composite number?
False
Let d = -24 - -22. Is (-315)/(-5)*d/(-6) a prime number?
False
Suppose -4*p + 14*p - 4250 = 0. Let j = -298 + p. Is j a composite number?
False
Let t(i) = 1799*i + 38. Is t(3) a prime number?
False
Suppose -11 = -4*i + 5. Is 14*89 - (i + -7)/(-1) a prime number?
False
Suppose 0 = h - 4*h + 2*v - 2, -3*v + 12 = 0. Suppose 0 = -4*l + 2*p - 3*p + 209, 3*l - 143 = h*p. Is l a prime number?
False
Suppose -5*f + 1900 = 5*v, 0*f = 4*f + 2*v - 1518. Let j be 4*(0 - 1/(-2)). Suppose j*h - f = 19. Is h a prime number?
True
Is 12/(-3) + (32863 - (-3 - 7)) prime?
True
Is 81648/35 + 5/25 a composite number?
False
Let v(a) = 17*a**2 + 6*a + 9. Let q = -63 - -55. Is v(q) a prime number?
True
Suppose 4*q = -3*q - 91. Let b = q + 15. Suppose b*x = t + 232 + 1298, 4*x = 4*t + 3052. Is x prime?
False
Suppose -3*w - d + 22624 = 0, -2*w - 13*d + 15066 = -9*d. Is w prime?
False
Let g = -94 - -78. Let k(b) = -15*b - 17. Is k(g) prime?
True
Suppose -d + n + 14 = 0, 2*d = -d + 2*n + 43. Let o be (-1)/3 + 635/d. Let f = 13 + o. Is f a prime number?
False
Let i(g) be the second derivative of -7*g**5/20 - 5*g**4/12 + g**3 + g**2/2 - 15*g. Is i(-5) prime?
False
Suppose 25*k = 132210 + 95965. Is k a prime number?
True
Suppose -272*l = -288*l + 26512. Is l a prime number?
True
Let x(o) = o**3 + 19*o**2 - o - 10. Let b be x(-19). Let m be 15710/11 + 2/(-11). Is m/9 + 3/b a composite number?
True
Let j be (3 - 1)*42/12. Suppose j*x - 2*x + 1192 = i, -2*i + 2363 = -3*x. Is i prime?
False
Suppose -5*h - 911 = -15606. Is h composite?
False
Suppose 5*q - 5 = -30, 2*o + 4*q = 0. Suppose -6*d + 4184 = -o*d. Is (-2)/(-4) - d/4 composite?
True
Suppose -6*o = -10*o. Suppose 5*i - u - 2455 = 0, -5*u + 0*u = o. Is i composite?
False
Suppose -3*u - u - 26677 = -3*x, u = -3*x + 26657. Is x a prime number?
True
Let p = -8 - 10. Let v = p - -55. Is v a prime number?
True
Suppose f - 7*f + 260310 = 0. Is f a prime number?
False
Let i be 0/(-2) - 3 - -1606. Let w = 576 + i. Is w a composite number?
False
Let q be ((-1)/(-2))/((-6)/(-60)). Suppose q*x - 2854 = 5*v - 14609, 0 = v + 4*x - 2326. Suppose v - 934 = 4*m. Is m prime?
True
Is (6/18*1)/(3/63621) composite?
False
Suppose -i = -23 + 18. Suppose 0 = i*u + 5, 2*f + 3*u + 9 = 4*f. Is 1/((f/1599)/1) prime?
False
Suppose 0 = 125*c - 144*c + 86393. Is c a prime number?
True
Let d(r) = 62*r**2 + 13*r + 88. Is d(15) composite?
True
Let q(w) = -3*w + 5. Let v be q(-6). Let u = -1